e hundreds digit of 2664?
6
What is the thousands digit of 4019?
4
What is the units digit of 1657?
7
What is the units digit of 1205?
5
What is the tens digit of 117456?
5
What is the tens digit of 23856?
5
What is the hundreds digit of 306?
3
What is the tens digit of 36?
3
What is the hundreds digit of 26936?
9
What is the hundreds digit of 16923?
9
What is the hundreds digit of 8817?
8
What is the tens digit of 4207?
0
What is the thousands digit of 5820?
5
What is the tens digit of 5963?
6
What is the thousands digit of 27483?
7
What is the units digit of 2982?
2
What is the units digit of 1035?
5
What is the units digit of 3647?
7
What is the hundreds digit of 853?
8
What is the tens digit of 16115?
1
What is the hundreds digit of 4514?
5
What is the thousands digit of 2161?
2
What is the hundreds digit of 886?
8
What is the hundreds digit of 11249?
2
What is the units digit of 1052?
2
What is the units digit of 247?
7
What is the hundreds digit of 489?
4
What is the tens digit of 183?
8
What is the hundred thousands digit of 129911?
1
What is the units digit of 2632?
2
What is the tens digit of 754?
5
What is the tens digit of 169?
6
What is the tens digit of 885?
8
What is the units digit of 6493?
3
What is the ten thousands digit of 130587?
3
What is the hundreds digit of 8421?
4
What is the thousands digit of 10033?
0
What is the units digit of 3955?
5
What is the tens digit of 6713?
1
What is the tens digit of 884?
8
What is the units digit of 781?
1
What is the units digit of 2335?
5
What is the hundreds digit of 443?
4
What is the tens digit of 1909?
0
What is the thousands digit of 57505?
7
What is the hundreds digit of 3687?
6
What is the ten thousands digit of 26219?
2
What is the units digit of 3507?
7
What is the hundreds digit of 1312?
3
What is the ten thousands digit of 47975?
4
What is the hundreds digit of 11545?
5
What is the tens digit of 2015?
1
What is the thousands digit of 60933?
0
What is the thousands digit of 178656?
8
What is the tens digit of 68151?
5
What is the tens digit of 37470?
7
What is the units digit of 4172?
2
What is the units digit of 1600?
0
What is the tens digit of 36790?
9
What is the hundreds digit of 3294?
2
What is the thousands digit of 28368?
8
What is the tens digit of 4771?
7
What is the units digit of 14882?
2
What is the hundreds digit of 54384?
3
What is the ten thousands digit of 28604?
2
What is the hundreds digit of 525?
5
What is the tens digit of 579?
7
What is the tens digit of 46?
4
What is the hundreds digit of 11327?
3
What is the tens digit of 938?
3
What is the tens digit of 4506?
0
What is the ten thousands digit of 15851?
1
What is the units digit of 347?
7
What is the tens digit of 1528?
2
What is the ten thousands digit of 43531?
4
What is the tens digit of 11096?
9
What is the hundreds digit of 7350?
3
What is the thousands digit of 5871?
5
What is the thousands digit of 15467?
5
What is the tens digit of 13162?
6
What is the tens digit of 15534?
3
What is the units digit of 1124?
4
What is the units digit of 58134?
4
What is the units digit of 10596?
6
What is the hundred thousands digit of 109150?
1
What is the units digit of 735?
5
What is the tens digit of 123?
2
What is the tens digit of 6002?
0
What is the units digit of 955?
5
What is the thousands digit of 3627?
3
What is the tens digit of 46326?
2
What is the tens digit of 1827?
2
What is the hundreds digit of 514?
5
What is the thousands digit of 2882?
2
What is the thousands digit of 2721?
2
What is the tens digit of 5096?
9
What is the thousands digit of 186014?
6
What is the hundreds digit of 1080?
0
What is the thousands digit of 2745?
2
What is the tens digit of 5544?
4
What is the tens digit of 47?
4
What is the tens digit of 55650?
5
What is the hundreds digit of 553?
5
What is the tens digit of 1430?
3
What is the hundreds digit of 2052?
0
What is the hundreds digit of 1297?
2
What is the units digit of 189934?
4
What is the tens digit of 3454?
5
What is the tens digit of 88501?
0
What is the tens digit of 11394?
9
What is the thousands digit of 12953?
2
What is the tens digit of 8304?
0
What is the thousands digit of 1693?
1
What is the ten thousands digit of 29692?
2
What is the units digit of 68800?
0
What is the units digit of 6092?
2
What is the hundreds digit of 3644?
6
What is the tens digit of 161332?
3
What is the units digit of 666?
6
What is the thousands digit of 2134?
2
What is the tens digit of 1633?
3
What is the hundreds digit of 13325?
3
What is the thousands digit of 6419?
6
What is the units digit of 139062?
2
What is the tens digit of 11693?
9
What is the units digit of 40364?
4
What is the hundred thousands digit of 142452?
1
What is the hundreds digit of 25365?
3
What is the thousands digit of 1640?
1
What is the units digit of 20190?
0
What is the hundreds digit of 2936?
9
What is the units digit of 30323?
3
What is the thousands digit of 1350?
1
What is the units digit of 41424?
4
What is the units digit of 1046?
6
What is the hundreds digit of 33648?
6
What is the thousands digit of 1432?
1
What is the tens digit of 150?
5
What is the units digit of 112?
2
What is the units digit of 1101?
1
What is the units digit of 645?
5
What is the hundreds digit of 48500?
5
What is the hundreds digit of 12212?
2
What is the thousands digit of 2682?
2
What is the hundreds digit of 43437?
4
What is the ten thousands digit of 22268?
2
What is the ten thousands digit of 46338?
4
What is the thousands digit of 18621?
8
What is the ten thousands digit of 40112?
4
What is the tens digit of 19717?
1
What is the tens digit of 923?
2
What is the hundreds digit of 64816?
8
What is the units digit of 1710?
0
What is the tens digit of 6652?
5
What is the thousands digit of 2472?
2
What is the units digit of 2749?
9
What is the hundreds digit of 1993?
9
What is the units digit of 53?
3
What is the ten thousands digit of 43625?
4
What is the tens digit of 8796?
9
What is the thousands digit of 12303?
2
What is the hundreds digit of 1184?
1
What is the tens digit of 8005?
0
What is the tens digit of 7253?
5
What is the tens digit of 74774?
7
What is the units digit of 149?
9
What is the units digit of 1962?
2
What is the thousands digit of 9061?
9
What is the tens digit of 3218?
1
What is the tens digit of 16737?
3
What is the thousands digit of 24335?
4
What is the tens digit of 4429?
2
What is the thousands digit of 8127?
8
What is the tens digit of 49982?
8
What is the tens digit of 1623?
2
What is the tens digit of 419?
1
What is the hundreds digit of 29185?
1
What is the units digit of 1425?
5
What is the hundreds digit of 14135?
1
What is the tens digit of 64962?
6
What is the thousands digit of 25981?
5
What is the units digit of 6535?
5
What is the hundreds digit of 14132?
1
What is the thousands digit of 4877?
4
What is the tens digit of 1635?
3
What is the hundreds digit of 1340?
3
What is the thousands digit of 4964?
4
What is the ten thousands digit of 13601?
1
What is the units digit of 9613?
3
What is the ten thousands digit of 109463?
0
What is the hundreds digit of 2588?
5
What is the units digit of 10127?
7
What is the units digit of 1516?
6
What is the units digit of 6669?
9
What is the hundreds digit of 367?
3
What is the tens digit of 13754?
5
What is the hundreds digit of 6133?
1
What is the thousands digit of 26029?
6
What is the tens digit of 193?
9
What is the hundreds digit of 1241?
2
What is the thousands digit of 79853?
9
What is the hundreds digit of 1116?
1
What is the hundreds digit of 17020?
0
What is the thousands digit of 7447?
7
What is the hundreds digit of 1654?
6
What is the hundreds digit of 29270?
2
What is the hundreds digit of 18359?
3
What is the units digit of 8659?
9
What is the tens digit of 41921?
2
What is the thousands digit of 27793?
7
What is the hundreds digit of 4001?
0
What is the tens digit of 405?
0
What is the tens digit of 28134?
3
What is the units digit of 14539?
9
What is the hundreds digit of 1641?
6
What is the tens digit of 1021?
2
What is the tens digit of 874?
7
What is the hundreds digit of 96989?
9
What is the ten thousands digit of 43802?
4
What is the units digit of 6925?
5
What is the ten thousands digit of 17934?
1
What is the hu